 Suppose -k*p - 616 = -26*p. Is p a multiple of 17?
False
Let x = -23 - -24. Let h be (4*(-2)/(-4))/x. Suppose -h*i - 3 = -99. Is 24 a factor of i?
True
Let r(w) = 53*w - 28. Let u = 52 - 48. Does 23 divide r(u)?
True
Suppose -35492 = -26*g + 40714. Is 61 a factor of g?
False
Let z = 48 - -4. Suppose -2*r - 1 = -9. Is 26 a factor of z/((-3)/(-7 + r))?
True
Let t = 68 + 3. Suppose 4*z = -2*c + 68, 4*c - t - 89 = 4*z. Is 38 a factor of c?
True
Let g(q) = q**2 + q. Let t(f) = f**3 - 9*f**2 - 9*f + 9. Let z(c) = 2*g(c) + t(c). Let m be z(7). Is 5 a factor of (-2 + 2 + m)/(-2)?
True
Let w = -8 - -8. Suppose 8*z + 12 = -2*m + 3*z, w = 3*m - z - 16. Suppose m*u - 275 = -27. Is u a multiple of 31?
True
Let x(a) = a - 4. Let q be x(4). Let z(r) = 2*r**3 + 2*r**2 - 4*r + 67. Let o(n) = -n**3 - n**2 + 2*n - 33. Let t(m) = 11*o(m) + 6*z(m). Is 26 a factor of t(q)?
False
Let i(w) = -w**3 + 14*w**2 - w + 9. Let z be i(14). Let y be (-256)/z + (-40)/(-50). Suppose -2*t - 56 = -5*m + 22, 4*m = -t + y. Is 5 a factor of m?
False
Let g = -106 + 109. Is 1/(-1) - (-132)/g even?
False
Let l(b) = -29*b + 72. Does 28 divide l(-12)?
True
Let y(v) = 5*v + 2*v - 2*v - 4*v. Let z be y(0). Suppose -2*i + z*s = -s - 46, 4*s = -5*i + 102. Is 22 a factor of i?
True
Let y = 327 - 218. Suppose 3*h - y = -3*z + 2*h, -167 = -5*z + 2*h. Is z a multiple of 7?
True
Suppose -12*w + 64 = -13*w. Let m = -40 - w. Is 12 a factor of m?
True
Let x(v) = 24*v - 2*v**2 + 18 - 25*v + 3*v**2. Is x(-10) a multiple of 32?
True
Suppose 6*b + 528 = 7*b. Is b a multiple of 44?
True
Is (12/(-10))/(41/(-46740)) a multiple of 9?
True
Let u be 9 + -9 + 1*27. Let q be (-1)/(4 - u/6). Suppose 5*w + n - 650 = 0, -q*n + 392 = 3*w - n. Is 28 a factor of w?
False
Let z(r) = 2*r**2 - 7*r + 9. Let c be z(3). Suppose 0 = 3*s - c*s - 3*h + 480, -5*s + 796 = 4*h. Is 26 a factor of s?
True
Suppose 2*d - 12 = 2*z, 3*d - 30 + 12 = 4*z. Suppose -r + 110 = -d*r. Is 4 a factor of (-1)/2 - r/4?
False
Suppose 4*s = 6 + 18. Suppose -3*r + 5*r - s = 0. Suppose 5*c + 8*g = r*g + 220, -g = 5*c - 212. Is c a multiple of 11?
False
Let x(i) = 3*i - 9. Let a be x(8). Suppose -31 = -2*w - a. Let k(s) = s**2 - s - 14. Is 14 a factor of k(w)?
True
Is 125 a factor of 2/(-15)*3 + 16893/45?
True
Let j(c) = -23*c - 1. Let w(x) = -7*x**2 - 15*x - 3. Let b(s) = 10*s**2 + 23*s + 4. Let n(z) = 5*b(z) + 7*w(z). Let a be n(-10). Is 8 a factor of j(a)?
False
Let f = -1328 - -1580. Is f a multiple of 6?
True
Let i = 9 - 6. Suppose z = i*z - 6. Suppose 2*v = 4*c - 150, -v = z*v + 12. Does 13 divide c?
False
Suppose 1 = -32*t + 33*t, -3*q + 4*t + 11717 = 0. Does 20 divide q?
False
Suppose -1 = -4*u - 21. Does 26 divide (u - -1)*-29 + 1 + 0?
False
Let o(j) = -127*j - 160. Is 34 a factor of o(-20)?
True
Suppose -2*f = -6*f + 5*h - 92, 0 = -5*h - 20. Let y = f - -83. Suppose -3*i - 7 = 8, 2*d - y = -5*i. Is d a multiple of 20?
True
Let q(u) = u - 8. Let z be q(15). Suppose 0 = 5*v - z*v + 16. Let t = -3 + v. Is t a multiple of 4?
False
Is 384/72*(306/4 - -3) a multiple of 50?
False
Let m(c) = -25*c - 10. Let k be m(-2). Is 32/k*295/2 a multiple of 39?
False
Suppose 0 = y + 2*d - 0*d + 83, -5*d = 25. Let f be (-515)/4 + 4/(-16). Let o = y - f. Is 15 a factor of o?
False
Let o = -19 - -13. Let n = o + 38. Is 12 a factor of n?
False
Suppose 2*g + 39*g - 162729 = 0. Does 37 divide g?
False
Let q = -122 + 66. Let o = q - -116. Is o a multiple of 6?
True
Let c = 5 + -3. Let i(g) = 3 - 2*g**2 + 2*g - 2*g**3 - 11 - 3*g**c - g. Is 12 a factor of i(-4)?
True
Let i = 1505 + -1009. Is 8 a factor of i?
True
Suppose 2*l - 3570 = -12*l. Suppose 4*i + c - l = 0, 0 = -5*i + 4*c - 6*c + 315. Is 5 a factor of i?
True
Is 15 a factor of (-2158)/(-8) + 270/(-40) + 7?
True
Let c(d) = 2*d**2 + 3*d - 13. Does 33 divide c(-10)?
False
Let u(n) = -n + 14. Let q be u(12). Suppose -q*m + 268 = 78. Is m a multiple of 14?
False
Is 13 a factor of 1717 + 30/(-6) + -9?
True
Let k(n) = 2*n + 9. Let q(r) = r. Let c(u) = k(u) + 5*q(u). Is c(2) a multiple of 2?
False
Suppose 0*t + 22 = 4*i + 2*t, 4*i - 1 = 5*t. Let u = i - 2. Suppose 5*a - 4*x - 144 = -x, -5*a = u*x - 129. Is 8 a factor of a?
False
Let v = -10 + 7. Let t be (5/v)/(6/(-612)). Suppose -5*m + t = -0*m. Does 9 divide m?
False
Let l = 14 + -11. Suppose -2*b + 10 = 2*f, -5 + 11 = l*f. Let j = b + 21. Does 10 divide j?
False
Let u be 6/(-18)*(-6)/1. Let o(l) = 1 - 12*l - 3 + 0*l**u + 1 - l**2. Is o(-7) a multiple of 17?
True
Let g = 14 + -86. Let q = -35 - g. Suppose -3*n + q = -77. Does 16 divide n?
False
Suppose 4*p + 2*l - 12 = 0, 3*l + 5 = p + 2. Suppose -p*d + 25 = 5*m - d, 5*d = 2*m - 10. Suppose 0 = u - m*x - 26, u - 3*x - 26 = -6*x. Does 9 divide u?
False
Let d be 1 - 252/((-16)/(-4)). Let x = -46 - d. Is x a multiple of 8?
True
Suppose -25*k = -2*v - 29*k + 924, 4*v + 2*k = 1866. Is v a multiple of 9?
True
Let q = 80 + -52. Suppose -q - 107 = -5*b. Is b a multiple of 10?
False
Let p = 36 - 27. Suppose r + 4*h = -0*r + 39, -2*h = -r + p. Does 6 divide r?
False
Let i(f) = -f**3 + 9*f**2 + 13*f + 34. Does 87 divide i(-8)?
False
Let p(t) = -201*t - 494. Does 73 divide p(-5)?
True
Let q(g) = g**3 + 4*g**2 - 5*g + 5. Suppose 0*r + r = -5. Let s be q(r). Suppose -2*t = 3*l - 218, 6*t = s*l + t - 330. Is 14 a factor of l?
True
Let z(i) be the first derivative of 17*i**2/2 - i + 1. Let w be z(3). Suppose w = k + k. Does 14 divide k?
False
Let f be 1/4 + 17/(-4). Let o(q) be the first derivative of 5*q**3/3 + 4*q**2 + 8*q + 16. Does 26 divide o(f)?
False
Let o(c) = c**3 + 6*c**2 - 11*c + 4. Is 2 a factor of o(-7)?
True
Does 27 divide ((-6)/10)/(7/(-2730))?
False
Let w be ((-6)/9)/(2/(-9)). Suppose -w*p = -2*p - 29. Is 5 a factor of p?
False
Suppose -4*z = 160 - 20. Let n = 63 + z. Does 9 divide n?
False
Suppose 6*m = 8*m - 4. Is (m - -6) + (1 - -3) a multiple of 4?
True
Suppose 5 = -a + 2*a. Let u be 9/15 - (-22)/a. Suppose 0*d - 2*p = -u*d + 262, 0 = d - 2*p - 54. Does 9 divide d?
False
Suppose -7 - 5 = -4*l. Suppose f + w - 189 = 0, 0 = l*f + w - 397 - 176. Suppose z + 3*z = f. Is 16 a factor of z?
True
Suppose 1 = 2*y - 3. Let k be (-11)/(-2) - (-1)/y. Suppose n + k*n = 546. Is n a multiple of 18?
False
Let g(w) = -w**3 - 3*w**2 + 14*w + 6. Let r be g(-11). Suppose -7*k = -11*k + r. Is 16 a factor of k?
False
Let v(d) = -10*d + 56. Let f be v(4). Suppose 0 = -10*p + f*p - 276. Is p a multiple of 8?
False
Let n(h) be the third derivative of -h**6/120 + 17*h**5/60 + 23*h**4/24 + 17*h**3/3 - 40*h**2. Is n(18) a multiple of 28?
False
Let k be (-52)/182 - 1/((-14)/60). Suppose -328 = -k*z - 24. Does 7 divide z?
False
Let d(q) = -q**2 - 24*q + 377. Is d(-34) a multiple of 29?
False
Does 16 divide 882 + (-4 - 56/(-7)) + 4?
False
Let v(f) = 155*f - 4. Is 6 a factor of v(2)?
True
Let v = -191 + 1966. Does 38 divide v?
False
Suppose 80 + 10 = 2*h. Does 11 divide 4/((-2 + -1)*(-1)/h)?
False
Let q(i) = 2*i**2 - 7*i - 8. Let m be q(4). Let k(w) be the third derivative of -3*w**4/8 + 2*w**3/3 - w**2. Is 12 a factor of k(m)?
False
Suppose 3*a + 275 - 95 = 0. Let z(h) = h**3 + 2*h**2 - 6*h + 3. Let x be z(-5). Let l = x - a. Is l a multiple of 18?
True
Let h(r) = 86*r**2 - 2*r - 1. Let a be (-4)/12 - 6/9. Does 29 divide h(a)?
True
Suppose -13650 = 4*k - 9*k. Does 65 divide k?
True
Suppose -2*p + 115 = 5*g, 0 = 3*g - 8*p + 3*p - 38. Suppose 0 = 2*w - 5*n - g, 12 = -5*w - 2*n - 8. Does 24 divide (-19 + 9)/(w/5)?
False
Let u = 263 - -19. Does 40 divide u?
False
Suppose 729 = -2*n + 69. Let i = -1 + -1. Does 9 divide i/6 - n/18?
True
Let i = -854 - -1326. Is i a multiple of 16?
False
Suppose f + x = -2*f + 7, -2*f + 3*x + 12 = 0. Suppose -g - 5*o + 7 = 2, 3*g - f*o - 15 = 0. Suppose 5*a = 2*b + 49, -g*b = -4 - 11. Does 6 divide a?
False
Let v(l) = 7*l + 4. Let u be v(5). Let o = 89 - u. Suppose -o = -2*b - 0*b. Does 25 divide b?
True
Let u(o) be the second derivative of o**6/360 - o**5/20 + o**4/2 - 5*o**3/6 + 2*o. Let k(p) be the second derivative of u(p). Is k(13) a multiple of 18?
False
Suppose 0 = -i - 3*j - 5, 4*j + 2 - 10 = -5*i. Suppose -t + i = -0*t. Suppose -4*a - 10 = -o, -t*o + 3*a + 40 = 2*a. Does 10 divide o?
True
Let x(d) = 2*d**2 + 7*d + 54. Is 10 a factor of x(-20)?
False
Suppose 2*c - 462 = 5*b, 2*c - 3*c - b + 217 = 0. Is